{"id":56,"date":"2011-09-29T20:24:16","date_gmt":"2011-09-29T20:24:16","guid":{"rendered":"http:\/\/medievalshop.com\/parchemin\/?page_id=56"},"modified":"2011-09-30T06:40:42","modified_gmt":"2011-09-30T06:40:42","slug":"glossaire-du-jeu-de-role","status":"publish","type":"page","link":"https:\/\/medievalshop.com\/parchemin\/glossaire-du-jeu-de-role\/","title":{"rendered":"Glossaire du Jeu de R\u00f4le"},"content":{"rendered":"<div><span style=\"color: #000000;\">Rares sont les domaines sans acronymes.\u00a0Le jeu de r\u00f4le n&rsquo;\u00e9chappe pas \u00e0 la r\u00e8gle.<\/span><\/div>\n<div><span style=\"color: #000000;\">Voici donc ceux que j&rsquo;ai r\u00e9pertori\u00e9s. J&rsquo;enrichirai ce glossaire au fil de l&rsquo;eau si j&rsquo;ai des demandes o\u00f9 si je m&rsquo;aper\u00e7ois qu&rsquo;il y a des oublis !<\/span><\/div>\n<ul>\n<li><span style=\"color: #ff6600;\"><strong><span class=\"Apple-style-span\" style=\"color: #000000; font-weight: normal;\"><strong><span style=\"color: #ff6600;\"><span class=\"Apple-style-span\" style=\"color: #000000; font-weight: normal;\"><span style=\"color: #ff6600;\"><strong>BACKGROUND<\/strong><\/span><\/span><\/span><\/strong><\/span><\/strong><span class=\"Apple-style-span\" style=\"color: #000000; font-weight: normal;\"><span style=\"color: #ff6600;\"><span class=\"Apple-style-span\" style=\"color: #000000; font-weight: normal;\"><span style=\"color: #ff6600;\">\u00a0<\/span><\/span><\/span><\/span><span class=\"Apple-style-span\" style=\"color: #000000; font-weight: normal;\"><span style=\"color: #ff6600;\"><span class=\"Apple-style-span\" style=\"color: #000000; font-weight: normal;\"><span style=\"color: #ff6600;\"><span style=\"color: #000000;\">\u00a0: \u00a0c&rsquo;est l&rsquo;histoire de fond du personnage, son pass\u00e9, sa famille, ses amis, ses souvenirs, &#8230;<\/span><\/span><\/span><\/span><\/span><\/span><\/li>\n<li><span style=\"color: #ff6600;\"><strong><span class=\"Apple-style-span\" style=\"color: #000000; font-weight: normal;\"><strong><span style=\"color: #ff6600;\"><span class=\"Apple-style-span\" style=\"color: #000000; font-weight: normal;\"><span style=\"color: #ff6600;\"><strong>CA<\/strong><\/span>\u00a0: Classe d&rsquo;armure (valeur qui refl\u00e8te la capacit\u00e9 de protection de l&rsquo;armure)<\/span><\/span><\/strong><\/span><\/strong><\/span><\/li>\n<li><span style=\"color: #ff6600;\"><strong><span class=\"Apple-style-span\" style=\"color: #000000; font-weight: normal;\"><strong><span style=\"color: #ff6600;\">CAMPAGNE<\/span><\/strong><\/span><\/strong><span class=\"Apple-style-span\" style=\"color: #000000; font-weight: normal;\"><span style=\"color: #ff6600;\">\u00a0<\/span><\/span><span class=\"Apple-style-span\" style=\"font-weight: normal; color: #000000;\">\u00a0: longue histoire incluant plusieurs sc\u00e9narii qui s&rsquo;encha\u00eenent\u00a0<\/span><\/span><\/li>\n<li><span class=\"Apple-style-span\" style=\"color: #ff6600;\"><strong><span class=\"Apple-style-span\" style=\"color: #000000; font-weight: normal;\"><strong><span style=\"color: #ff6600;\">CLASSE DE PERSONNAGE<\/span><\/strong><\/span><\/strong><span class=\"Apple-style-span\" style=\"font-weight: normal; color: #000000;\"> : c&rsquo;est l&rsquo;orientation g\u00e9n\u00e9rale du personnage telle que Guerrier, Magicien, Voleur, Pr\u00eatre, Moine, Ranger, &#8230;etc.<\/span><\/span><\/li>\n<li><span class=\"Apple-style-span\" style=\"color: #ff6600;\"><strong><span class=\"Apple-style-span\" style=\"color: #000000; font-weight: normal;\"><strong><span style=\"color: #ff6600;\">D6, D4, D8, &#8230;etc.<\/span><\/strong>\u00a0: il s&rsquo;agit des d\u00e9s, le chiffre indique le nombre de faces du d\u00e9 (le D6 \u00e9tant le d\u00e9 classique que nous connaissons tous)<\/span><\/strong><\/span><\/li>\n<li><span><strong><span style=\"color: #ff6600;\">FEUILLE DE PERSO <\/span><\/strong><span style=\"color: #ff6600;\"><span style=\"color: #000000;\">: c&rsquo;est une feuille sur laquelle on retrouve toutes les caract\u00e9ristiques du personnage (ses forces, ses faiblesses, ses comp\u00e9tences, &#8230;)<\/span><\/span><\/span><\/li>\n<li><span><strong><span style=\"color: #ff6600;\">FUMBLE\u00a0<\/span><span class=\"Apple-style-span\" style=\"color: #000000; font-weight: normal;\">: \u00e9chec critique, terrible maladresse (une catastrophe est sur le point de se produire&#8230;)<\/span><\/strong><\/span><\/li>\n<li><span style=\"color: #ff6600;\"><strong>GROS BILL<\/strong><span style=\"color: #000000;\"> : personnage d\u00e9s\u00e9quilibrant le jeu tant il est puissant \u00e0 l&rsquo;exc\u00e8s, toutes ses comp\u00e9tences sont maximis\u00e9es&#8230;\u00a0<\/span><\/span><\/li>\n<li><span style=\"color: #ff6600;\"><strong>JDR<\/strong><span style=\"color: #000000;\"> : Jeu de r\u00f4le<\/span><\/span><\/li>\n<li><span style=\"color: #ff6600;\"><strong>MJ<\/strong><\/span> <span style=\"color: #000000;\">: Meneur de Jeu (celui qui orchestre la partie et qui tire les ficelles)<\/span><\/li>\n<li><strong><span style=\"color: #ff6600;\">PJ<\/span><\/strong><span style=\"color: #000000;\"> : Personnage interpr\u00e9t\u00e9 par un joueur<\/span><\/li>\n<li><span style=\"color: #ff6600;\"><strong>PNJ<\/strong><\/span><span style=\"color: #000000;\"> : Personnage non joueur (tous les PNJ sont interpr\u00e9t\u00e9s par le MJ)<\/span><\/li>\n<li><span style=\"color: #ff6600;\"><strong>ROLE PLAY(ING)<\/strong><span style=\"color: #000000;\">\u00a0 : c&rsquo;est l&rsquo;interpr\u00e9tation du personnage par le joueur (comme un acteur joue son r\u00f4le au th\u00e9\u00e2tre)<\/span><\/span><\/li>\n<li><span style=\"color: #ff6600;\"><strong>ROLISTE<\/strong><\/span><span style=\"color: #000000;\"> : joueur de jeu de r\u00f4le<\/span><\/li>\n<li><span style=\"color: #ff6600;\"><strong>XP<\/strong><\/span> <span style=\"color: #000000;\">: exp\u00e9rience ou points d&rsquo;exp\u00e9rience, c&rsquo;est g\u00e9n\u00e9ralement ce qui permet au personnage d&rsquo;\u00e9voluer, de devenir plus fort<\/span><\/li>\n<li><span style=\"color: #c0c0c0;\"><strong>\u00e0 compl\u00e9ter&#8230;<\/strong><\/span><\/li>\n<\/ul>\n","protected":false},"excerpt":{"rendered":"<p>Rares sont les domaines sans acronymes.\u00a0Le jeu de r\u00f4le n&rsquo;\u00e9chappe pas \u00e0 la r\u00e8gle. Voici donc ceux que j&rsquo;ai r\u00e9pertori\u00e9s. J&rsquo;enrichirai ce glossaire au fil de l&rsquo;eau si j&rsquo;ai des demandes o\u00f9 si je m&rsquo;aper\u00e7ois qu&rsquo;il y a des oublis ! BACKGROUND\u00a0\u00a0: \u00a0c&rsquo;est l&rsquo;histoire de fond du personnage, son pass\u00e9, sa famille, ses amis, ses [&hellip;]<\/p>\n","protected":false},"author":1,"featured_media":0,"parent":0,"menu_order":1,"comment_status":"open","ping_status":"open","template":"","meta":{"footnotes":""},"class_list":["post-56","page","type-page","status-publish","hentry"],"_links":{"self":[{"href":"https:\/\/medievalshop.com\/parchemin\/wp-json\/wp\/v2\/pages\/56","targetHints":{"allow":["GET"]}}],"collection":[{"href":"https:\/\/medievalshop.com\/parchemin\/wp-json\/wp\/v2\/pages"}],"about":[{"href":"https:\/\/medievalshop.com\/parchemin\/wp-json\/wp\/v2\/types\/page"}],"author":[{"embeddable":true,"href":"https:\/\/medievalshop.com\/parchemin\/wp-json\/wp\/v2\/users\/1"}],"replies":[{"embeddable":true,"href":"https:\/\/medievalshop.com\/parchemin\/wp-json\/wp\/v2\/comments?post=56"}],"version-history":[{"count":16,"href":"https:\/\/medievalshop.com\/parchemin\/wp-json\/wp\/v2\/pages\/56\/revisions"}],"predecessor-version":[{"id":125,"href":"https:\/\/medievalshop.com\/parchemin\/wp-json\/wp\/v2\/pages\/56\/revisions\/125"}],"wp:attachment":[{"href":"https:\/\/medievalshop.com\/parchemin\/wp-json\/wp\/v2\/media?parent=56"}],"curies":[{"name":"wp","href":"https:\/\/api.w.org\/{rel}","templated":true}]}}